rime factors of c.
2, 53
Let n(q) = -q**3 - 3*q**2 - 3*q - 2. Let i be n(-2). Suppose i = 5*t - 9 - 6. List the prime factors of t.
3
Let t(r) = -r**3 - 17*r**2 - r + 10. List the prime factors of t(-17).
3
Let g(p) = -p**3 - 17*p**2 + 33*p + 17. What are the prime factors of g(-19)?
2, 7
Let k = 3 - -1. Suppose -3*c = -0*p - k*p - 38, -c + 16 = -3*p. What are the prime factors of c?
2, 5
Let a(p) = 16*p + 3. What are the prime factors of a(3)?
3, 17
Let a(c) = -2 - 7 - 1 + 2*c. Let i be a(7). Let j = 3 + i. What are the prime factors of j?
7
Let g = -77 - -111. What are the prime factors of g?
2, 17
Let q(h) = -h**2 - 7*h - 3. Let j be q(-7). List the prime factors of j + (41 - (8 + -4)).
2, 17
Let y = 56 - 27. List the prime factors of y.
29
Suppose a - 5*a - 220 = 0. Let n = 80 + a. Suppose 9*b - n = 4*b. What are the prime factors of b?
5
Let z = -1 - 1. Let j be (1 - 21)*z/5. Let w(p) = p**3 - 7*p**2 - 8*p + 8. List the prime factors of w(j).
2
Let z(f) = -f**3 - 4*f**2 + 5*f - 1. Let y be z(-5). Let x(t) = 6*t**2 + 2*t + 1. List the prime factors of x(y).
5
Let p = -97 - -149. What are the prime factors of p?
2, 13
Let r(i) = -i**2 + 6*i + 1. Let a be r(6). Let u(x) = 11*x**2 + x - 3 + 2 + 6*x**2 + 0*x. What are the prime factors of u(a)?
17
Suppose 3*b - 114 = -2*y - 0*b, -4*y = -4*b - 188. What are the prime factors of y?
3, 17
Let u be (4/6)/((-1)/(-6)). Let o(d) = d**3 + d**2 + d - 2. Let b be o(2). Let c = b - u. List the prime factors of c.
2
Suppose -327 = -4*l + 185. Suppose -3*j = j - l. Suppose -j = -0*f - 4*f. List the prime factors of f.
2
Suppose 13*z + 66 = 14*z. List the prime factors of z.
2, 3, 11
Let k(v) = -4*v - 31. What are the prime factors of k(-9)?
5
Let f = -17 - -28. Let y(k) = -k**3 + 11*k**2 + k + 4. List the prime factors of y(f).
3, 5
Suppose 0 = -4*r + 3*r. Suppose 2*o = -r*o + 40. What are the prime factors of o?
2, 5
Let m(a) = a**3 + 5*a**2 + 6*a + 5. Let k be m(-4). Let q(x) = 5*x + 1. Let g(b) = -15*b - 2. Let v(p) = k*g(p) - 8*q(p). What are the prime factors of v(2)?
2
Let k(q) = -q. Let p be k(-6). List the prime factors of p + -1 + (-1)/(-1).
2, 3
Suppose -2*p + n = -25, -16 = -p + n - 4*n. What are the prime factors of p?
13
Let n(k) = -k**3 + 12*k**2 + 20*k + 9. List the prime factors of n(13).
2, 5
Let o be 2 + -1 - (-12)/(-3). Let u be o*4/(-3) + 1. Suppose b = 3*g - 29, -3*g - u*b - 1 = -2*g. What are the prime factors of g?
3
Suppose 0 = -3*p + 4*f + 9 - 2, 4*p - 2*f - 6 = 0. Let t be (p + -12)*(3 - 2). List the prime factors of t/(-2)*(1 - -1).
11
Let a = -3 + 22. Suppose 5 - a = -2*q. List the prime factors of q.
7
Let k(z) = -7*z - 4. Let n be k(-3). Let v = 30 - n. Suppose -4*l = 2*r - 44, -3*l = -r + v - 1. What are the prime factors of r?
2, 3
Let u(d) = d**2 - 3*d - 7. Suppose -4*a = -3*v + 7, 0 = -3*v + 2*a + 3 + 8. Let c be u(v). Let m(r) = 3*r + 2. List the prime factors of m(c).
11
Let s(r) be the first derivative of 3*r**2/2 + 22*r - 9. What are the prime factors of s(9)?
7
Let v = -1 - 0. Let p be 2 - (v - 2 - -2). Suppose 0 = -f - p*f - 4*i + 32, 48 = 4*f - 4*i. What are the prime factors of f?
2, 5
Let z = 12 + -14. List the prime factors of (27/(-2))/(1/z).
3
Let y(n) be the second derivative of -n**5/20 + 2*n**4/3 + n**3/6 - 3*n**2/2 + 2*n. Let h be y(8). What are the prime factors of (0 + 11)*(-4 + h)?
11
Let h = -96 + 346. List the prime factors of h.
2, 5
What are the prime factors of ((-8)/3)/(20/(-120))?
2
Suppose -7*j + 2*j = -5. Let f = -27 - -68. Suppose -4*k = 2*h - 7*h - f, 0 = h + j. List the prime factors of k.
3
Let u = -44 + 64. What are the prime factors of u?
2, 5
Suppose 0 = 3*t - n - 125, -158 - 10 = -4*t + 2*n. What are the prime factors of t?
41
Let i = 9 + 300. What are the prime factors of i?
3, 103
Suppose 2*r - 4*a = 4*r - 56, 5*r - 205 = 3*a. List the prime factors of r.
2, 19
Let i be (7/(-3))/((-1)/(-3)). Suppose 2*b - 32 = 2*x, x - 3*x + 20 = 2*b. Let y = b + i. What are the prime factors of y?
2, 3
Suppose -3*o + 23 - 5 = 2*k, 5*k = -4*o + 52. Suppose 26 + k = 2*z. List the prime factors of z.
19
Suppose 2*u + 1 = 3*u. Let j = u - -6. What are the prime factors of j?
7
Let x(v) be the first derivative of v**2/2 - v - 2. List the prime factors of x(5).
2
Let d(p) be the third derivative of p**4/24 + 7*p**3/3 + 7*p**2. What are the prime factors of d(-7)?
7
Let t(h) = -h**3 + 10*h**2 - 9*h + 4. Let q be t(9). Suppose 77 + 19 = q*j. What are the prime factors of j?
2, 3
Suppose 0*x - 1316 = -7*x. List the prime factors of x.
2, 47
Suppose p = 4*x - p - 20, -10 = -5*p. Let z be 6/4*(-8)/(-6). Suppose -m + 12 = t, -3*t + z*m + 36 = x*m. What are the prime factors of t?
2, 3
Suppose 0 = 2*g - 9 - 57. What are the prime factors of g?
3, 11
Suppose -3*j + 10 + 2 = 0. Suppose j*i = 1 + 35. Suppose 2*z - i = z. What are the prime factors of z?
3
Let z = 102 + -53. List the prime factors of z.
7
Let l(w) = -w + 1. Let k be l(-2). Let a be 3/(9/k) - -8. Let h(d) = -d + 16. List the prime factors of h(a).
7
Suppose 4*k + 2*h = 394, -2*k - 4*h + 311 = 117. List the prime factors of k.
3, 11
Let w(x) = x**2 - 4*x + 3. Let j be w(5). Let i = 2 + j. Suppose -5*h = -85 + i. List the prime factors of h.
3, 5
Suppose 2*s + 16 + 8 = 0. Let w = s - -26. List the prime factors of w.
2, 7
Let m(p) = -p**2 + 11*p - 2. Let i(t) = t**2 - 6*t + 1. Let q(l) = 5*i(l) + 3*m(l). What are the prime factors of q(-3)?
2
Suppose 70 = 12*a - 5*a. What are the prime factors of a?
2, 5
Let x(g) = 2*g - 2. Let s(v) = -2*v + 9. Let k be s(0). What are the prime factors of x(k)?
2
Let u = 57 - 8. Suppose 6 = l - 5*c, -2*l - 5*c + u = 2*l. List the prime factors of l.
11
Let c = 18 + -16. Suppose -75 = -3*d - c*d. What are the prime factors of d?
3, 5
Let y be (1/3)/((-4)/(-36)). Suppose -5*i = y*z - 15, -3*i + z = 2*z - 5. Suppose 4*b = 8 - i. List the prime factors of b.
2
List the prime factors of (-1 + 2)/(5/1230).
2, 3, 41
What are the prime factors of 554/2 + -1 - 1?
5, 11
Suppose -2*y = 2*y - 184. Let w = y - 26. What are the prime factors of w?
2, 5
Suppose 3*m = m. Let h be (0 + m)*2/(-6). Let s = h - -3. List the prime factors of s.
3
Suppose -2*x - 24 + 198 = 0. What are the prime factors of x?
3, 29
List the prime factors of (-358)/(-5) + (-8)/(-20).
2, 3
Let l = 53 + -12. List the prime factors of l.
41
Suppose 324 = 3*i + i. List the prime factors of i.
3
Let x be (8/10)/((-10)/75). Suppose 0 = 2*v + 2*v + 40. List the prime factors of (-45)/x*(-12)/v.
3
Let f = -84 + 141. Suppose -4*t - d + 90 = 0, 4*t = -5*d + f + 41. List the prime factors of t.
2, 11
Let i(s) = -2*s - 11. Let z be i(-12). Suppose -46 + z = -3*l. What are the prime factors of l?
11
Let z be (4 - 2)/(-6)*-15. Suppose 5*h = 3*y + 36, z*h + 0*y - 5*y - 40 = 0. Suppose -h = -3*c + 24. List the prime factors of c.
2, 5
List the prime factors of (10 + 3)*(2 - -1).
3, 13
Let n(u) = 3*u**2 + u + 2. List the prime factors of n(4).
2, 3
Let y(a) = 2*a**3 + 16*a**2 - a + 2. What are the prime factors of y(-7)?
107
Suppose 0 = 2*x - x + 1. What are the prime factors of ((-6)/4)/x*18?
3
Let d = 5 - 8. Let f = 17 - d. Suppose f = p + 2*h, 5*p - 2*h = h + 35. List the prime factors of p.
2, 5
Let g(y) = y**3 + 4*y**2 - 2*y - 3. Let f be g(-4). Suppose -4*o = -5*o + 2, -f*i = 2*o + 6. Let l = 9 + i. List the prime factors of l.
7
Let o = 39 - 34. What are the prime factors of o?
5
Suppose -10*z + 1023 + 817 = 0. What are the prime factors of z?
2, 23
Suppose -3*v + 385 = o + 55, -5*v = 2*o - 549. List the prime factors of v.
3, 37
Suppose 0 = -4*r + 8*r. Suppose r = -5*p + p. Suppose -2*i + 1 + 3 = p. List the prime factors of i.
2
Let n = -40 + 77. List the prime factors of n.
37
Suppose 0 = -r - 0*r. Let b = -2 + 3. What are the prime factors of -5*(b*-2 - r)?
2, 5
Suppose -2*q - 23 = h + 2, 3*h = 4*q + 25. Let w be 30/(-25) + 2/10. List the prime factors of ((-1 + 2)*q)/w.
2, 5
Let y(k) = 16*k + 2. Let m be y(-2). Suppose 6*l - 205 = -5*c + l, -5*l + 33 = c. Let i = c + m. What are the prime factors of i?
13
Suppose -5 = -a + 12. List the prime factors of a.
17
Let d(v) = v - 8. Let u be d(10). Suppose u*f + 3*i - 84 = -3*f, -4*i = 3*f - 57. What are the prime factors of f?
3, 5
Suppose v - 5*v + 2*d = 46, 5*d = v